{"id":78,"date":"2018-03-24T22:12:06","date_gmt":"2018-03-24T22:12:06","guid":{"rendered":"https:\/\/www.och8.nl\/ocho\/?page_id=78"},"modified":"2018-03-28T10:50:26","modified_gmt":"2018-03-28T10:50:26","slug":"referenten","status":"publish","type":"page","link":"https:\/\/www.och8.nl\/ocho\/referenten\/","title":{"rendered":"Referenten"},"content":{"rendered":"<p class=\"art-postheader \" style=\"color: orange; padding-bottom: 10px; font-weight: bold;\">Als u meer informatie wilt over hoe OCHO werkt en voor wie, nodigen we u van harte uit voor een kennismakingsgesprek.<\/p>\n<div class=\"art-postcontent\">\n<p>Daarnaast brengen we u graag in contact met \u00e9\u00e9n van onze klanten uit de onderstaande sectoren:<\/p>\n<ul>\n<li>financi\u00eble instellingen<\/li>\n<li>overheid, provincie en gemeente<\/li>\n<li>training- en adviesbureaus<\/li>\n<li>onderwijsinstellingen<\/li>\n<li>IT-bedrijven<\/li>\n<\/ul>\n<\/div>\n","protected":false},"excerpt":{"rendered":"<p>Als u meer informatie wilt over hoe OCHO werkt en voor wie, nodigen we u van harte uit voor een kennismakingsgesprek. Daarnaast brengen we u graag in contact met \u00e9\u00e9n van onze klanten uit de onderstaande sectoren: financi\u00eble instellingen overheid, [&hellip;]<\/p>\n","protected":false},"author":1,"featured_media":0,"parent":0,"menu_order":0,"comment_status":"closed","ping_status":"closed","template":"","meta":[],"_links":{"self":[{"href":"https:\/\/www.och8.nl\/ocho\/wp-json\/wp\/v2\/pages\/78"}],"collection":[{"href":"https:\/\/www.och8.nl\/ocho\/wp-json\/wp\/v2\/pages"}],"about":[{"href":"https:\/\/www.och8.nl\/ocho\/wp-json\/wp\/v2\/types\/page"}],"author":[{"embeddable":true,"href":"https:\/\/www.och8.nl\/ocho\/wp-json\/wp\/v2\/users\/1"}],"replies":[{"embeddable":true,"href":"https:\/\/www.och8.nl\/ocho\/wp-json\/wp\/v2\/comments?post=78"}],"version-history":[{"count":3,"href":"https:\/\/www.och8.nl\/ocho\/wp-json\/wp\/v2\/pages\/78\/revisions"}],"predecessor-version":[{"id":199,"href":"https:\/\/www.och8.nl\/ocho\/wp-json\/wp\/v2\/pages\/78\/revisions\/199"}],"wp:attachment":[{"href":"https:\/\/www.och8.nl\/ocho\/wp-json\/wp\/v2\/media?parent=78"}],"curies":[{"name":"wp","href":"https:\/\/api.w.org\/{rel}","templated":true}]}}